 derivative of -u**3/6 - 11*u**2/2 - 50*u. Let x = -10 + 2. Give j(x).
-3
Suppose 5*b - 11 = -1. Suppose b*d - 11 = -3*g, 3*d = g - 2*d + 19. Let i(c) = c**3 - c**2 - c + 1. Determine i(g).
0
Let w(o) = 0*o**2 + 4 + 3*o**3 + 3*o**2 + o - 2*o**3. Let h(q) = -29*q**2 - 1074*q - 41. Let v be h(-37). Give w(v).
-16
Let j(t) = -t + 3. Let w be j(0). Let q(l) be the third derivative of -2*l**2 + 0*l + 0*l**3 + 0 - 1/60*l**5 - 1/12*l**4. Calculate q(w).
-15
Suppose 3*j + 11 = -4*h, -2*j - 5*h = 2*j + 13. Let z(q) = q**2 - 6*q - 4. Give z(j).
-13
Let k(o) = 5*o**2 - 2*o - 8. Let j(c) = c**2 + c. Let z = -22 + 23. Let d(x) = z*k(x) - 4*j(x). Determine d(7).
-1
Let r(h) = h**3 + 7*h**2 + 4*h - 5. Suppose -c + 4*i = 101, -2*i + 217 + 15 = -2*c. Let k be 2/11 + (-704)/c. Let f be (k/5)/((-6)/30). Calculate r(f).
7
Let v(c) be the third derivative of c**5/60 - 7*c**4/24 - 2*c**3 - 6*c**2. Let u(j) = -j + 9. Let t be u(0). Give v(t).
6
Let n(u) = u**3 + 4. Let g(m) = m + 5. Let h be g(-5). Let v be n(h). Let t(r) = -5 - r**3 + v*r**2 + 90*r - 41*r - 43*r. Give t(5).
0
Let n(i) = -i**2 - 3*i + 2. Let v be n(-3). Suppose 10 = 2*j, 5*u + 4*j - 18 = 32. Let d(r) = r**v - u + 3 + 3. Calculate d(-1).
1
Let v(x) = -6*x**2 + 3*x**2 - 2 - 8*x + 2*x**2 + 15 + 0*x**2. Calculate v(-10).
-7
Suppose 5 = z, 5*b - 30 = -5*z + 3*z. Let o(y) be the second derivative of 3/2*y**2 + 0 - 1/6*y**3 + 29*y. Give o(b).
-1
Let b(q) = -7*q - 4. Let k be b(-2). Let u be 1*-1 - (k + -10). Let p(y) = 2*y**2 + 2 + 3*y**3 - 3 - 4*y**3. Determine p(u).
2
Suppose -y + 8 = -2*c, -2*c - 1 = -2*y + 7. Let g(z) = -z**3 + 6*z**2 - 4*z - 2. Let a be g(5). Let k(o) = y*o**a + o**3 + 2 - 2*o**2 - o**2. Determine k(3).
2
Let n(v) be the first derivative of 1/3*v**3 - 3*v**2 - 8 - v. Calculate n(6).
-1
Suppose 3*f + 4*q - 3 = 0, 2*q + 5 = -f + 4. Suppose f*r + 4 - 19 = 0. Let i(c) = 1 - 7*c**2 + c**r - c**3 + c + 4*c**2 + c**3. Determine i(2).
-1
Let n(j) = -j**3 - j**2 + 2*j + 3. Suppose 0 = f - 7*f - 636. Let l = -108 - f. Calculate n(l).
3
Let f be (-4 - -4) + 0 + 59. Let g(b) = b - 127 + 64 + f. Suppose -u + 4*u - 22 = -5*k, 3*k - 19 = 4*u. Give g(k).
1
Let o(s) = s + 4. Let g be o(0). Let v(f) = -324*f + 337*f + 1 - g. Calculate v(2).
23
Let n = -8 - -4. Let o(t) be the third derivative of -t**5/60 - t**4/6 + t**3/2 - 29*t**2 - t. Calculate o(n).
3
Let n be (0/(-1) - -2) + 16 + -16. Let p(y) = -13*y + 4 + n - 11*y + 25*y. Give p(0).
6
Let t(i) be the third derivative of -5/24*i**4 + 0 + 0*i - 1/60*i**5 + 1/6*i**3 + 3*i**2. Let l be t(-6). Let b(g) = g**2 + 7*g - 2. Give b(l).
-12
Let w = 328 + -331. Let g(n) = n**3 - 8*n**2 - 7*n - 12. Let p be g(9). Let v(b) = 4*b + 3*b - p*b + 2. Give v(w).
-1
Let i(m) be the third derivative of 0 + 0*m - 1/2*m**3 + 1/60*m**5 + 5/12*m**4 - 10*m**2. Determine i(-10).
-3
Suppose 52 = 5*h - 4*a + 12, 0 = -3*h - 2*a + 2. Let w(k) = 1 + h - 3 - 7*k. Suppose 3*f - 10 = -2*f. Determine w(f).
-12
Let f(o) = 3*o + 2. Let g = 53 + -66. Let p be g/2 + (-8 - (-150)/20). Give f(p).
-19
Let g be -4 + 2 + 5 + -1. Let f(l) = -8*l + 2*l**2 + l**2 + 3 - 2*l**g. What is f(6)?
-9
Let h(y) = y + 18. Let k(a) = a - 19. Let d be k(6). Let g be h(d). Let u(s) = s - g*s + 2 + 2*s + 0. Determine u(3).
-4
Let g(q) be the third derivative of q**6/120 - q**3/6 + 116*q**2. What is g(0)?
-1
Suppose -42*v + 4 = -43*v. Let s(w) = 2*w**2 + 4*w. Give s(v).
16
Let h = -12 + 11. Let r(u) = -u**2 + u - 7. Let v(l) = l - 6. Let b(s) = s**2 + 2. Let j be b(2). Let n(z) = j*r(z) - 7*v(z). Determine n(h).
-5
Let p(g) = -4*g**2 - 2016*g - 2009*g + 4029*g + 0*g**2 + 2*g**3. Determine p(3).
30
Let h(m) = -14*m + 5. Let y(r) = 14*r - 8. Let c(j) = 5*h(j) + 4*y(j). What is c(-5)?
63
Let a(h) be the first derivative of -h**2/2 - 25. What is a(-6)?
6
Let n(p) = -p**3 + 4*p**2 - 4*p + 3. Let i be (-3 - -2 - 3)/((-12)/(-42)). Let s be i/(-4) + (-2)/(8/(-2)). Calculate n(s).
-13
Let f(a) = -a**2 - 8*a - 3. Let y be -2*(-18)/(-48) + (-47)/(-4). Let k be 3/(-6) - y/2. Determine f(k).
9
Let w(h) = 17*h + 1. Let k(d) = 10*d - 3*d + 2*d. Let y(q) = -11*k(q) + 6*w(q). Give y(-4).
-6
Let j(x) be the second derivative of x**5/20 - x**4/3 - 4*x**3/3 + x**2 + 44*x + 2. What is j(6)?
26
Let r(u) = 3*u**3 - u**2 - 6*u - 1. Let b(s) = -4*s**3 + 11*s. Let k(c) = 2*b(c) + 3*r(c). Determine k(2).
1
Suppose 0 = 4*l - 0*l - 20. Let f(s) = -4*s + 6 + 3*s**2 - 4 + 7 + 15*s. Let a(j) = -2*j**2 - 6*j - 4. Let p(d) = -5*a(d) - 3*f(d). Determine p(l).
3
Suppose -240 = 86*k - 71*k. Let z(u) = -u - 23. What is z(k)?
-7
Let v be (-2 + 50/15)*(-6)/(-8). Let y(f) = -5*f**3 + f**2 - 2*f + 1. What is y(v)?
-5
Let f(s) = 17*s + 7 + 10 - 12*s - 3*s. What is f(-8)?
1
Let s(x) = x**2 + 10*x - 3. Let z = 799 - 804. Determine s(z).
-28
Let c(o) = -7*o**2 + 1. Suppose 5*d + 5*g + 6 = -14, -3*g = 9. Let n = d - 6. Let r(t) = t + 8. Let s be r(n). What is c(s)?
-6
Let y(a) = -2*a**2 - 11*a - 8. Suppose -11*h + 62 = 139. Determine y(h).
-29
Let y(k) = k**3 - 9*k**2 - 6*k - 10. Let s(b) = -b**3 + 9*b**2 + 4*b + 12. Let z(a) = 2*s(a) + 3*y(a). Determine z(10).
-6
Let n(r) be the second derivative of r**7/2520 + r**6/120 - r**5/20 - 41*r**4/12 + 28*r. Let v(q) be the third derivative of n(q). Determine v(-6).
-6
Let c(k) be the first derivative of -k**2 - 13*k + 42. Calculate c(-11).
9
Let t(i) = -34*i**2 + 2*i - 1. Let c = -1087 - -1088. Calculate t(c).
-33
Suppose 9*f = -14*f - 92. Let d(k) = -2*k - 11. What is d(f)?
-3
Suppose -p = -2 + 9. Let f = p + 3. Let m be 3 + 6/(12/f). Let g(u) = -10*u**2 - u + 1. Calculate g(m).
-10
Let n be (-14)/(-14)*(-6)/(-2). Suppose 26 = 5*x - v, 9 = 5*x - n*v - 19. Let t = x + -2. Let p(i) = -i**3 + 3*i**2 - i - 2. Give p(t).
-5
Let r(b) be the second derivative of -b**4/12 + b**3/3 + b**2/2 + 3*b. Let i = 27 + -22. Suppose -2*f - i*a + 23 = -0*a, 4*f - 2*a = -14. Give r(f).
-2
Let o(g) = 2*g**2 - 15*g. Let q(y) = -2*y**2 + 15*y - 21. Let r be q(4). Determine o(r).
-7
Let j be -6*(3/(-2) - 0). Suppose -3 = -3*h + j. Let k(b) = h*b**2 + 10*b - 8*b + 5*b**2 - 1. What is k(1)?
10
Let q(p) = 29*p - 5. Let r be ((-7)/3 + 1)*-6. Let l(t) be the second derivative of -19*t**3/6 + 3*t**2/2 + 21*t. Let d(a) = r*l(a) + 5*q(a). Calculate d(-1).
6
Suppose 4*n + 0*n - 12 = 0. Suppose 17 = 3*g + 2*z, n*g + 5*z = 4*g. Let m(x) = -x**2 + 4*x + 4. Determine m(g).
-1
Let o be 2 + (0 - -3)*(-2)/3. Suppose -19 = -2*w + 7*w + 2*h, -w + 5*h + 7 = o. Let s(y) = 4*y. Give s(w).
-12
Let w(z) be the third derivative of -z**5/60 - 5*z**4/8 - 5*z**3/2 + 2*z**2. Let v be w(-14). Let n be (-7 + 7)*v/3. Let m(h) = h**2 - h - 3. What is m(n)?
-3
Let o(v) = -11*v + 3. Suppose -160 = 21*u - 61*u. Determine o(u).
-41
Let v(b) = -b**2 - 15*b - 3. Let n be v(-11). Suppose -2*u = 4*t - 34, 5*t - n = -u - u. Let a(z) = z**3 - 7*z**2 + z - 2. What is a(t)?
5
Suppose -70 = -13*o + 47. Let y(c) = -34 + o*c + c + 3*c + 33. Give y(1).
12
Let h(y) = -y**3 - 6*y**2 + 2*y - 10. Let s(g) = 2*g**3 + 7*g**2 - 3*g + 14. Let w(t) = -4*h(t) - 3*s(t). What is w(2)?
-4
Let j(l) = -l**3 + l**2 - l + 6. Let r = 9 - 10. Let g be (0 + 0)*(r - -2). Calculate j(g).
6
Let j(s) = -s**2 - 10*s + 13. Let z be j(-12). Let l(q) = -5*q - 2. Let o(m) = -14*m - 6. Let y(k) = z*l(k) + 4*o(k). What is y(-3)?
1
Let n(h) = 2*h**2 - h + 9. Suppose 22*j - 9 + 9 = 0. Calculate n(j).
9
Suppose 3*t = 3*g + 12, 0 = g - 4*g - 5*t + 20. Let w(c) be the second derivative of -c**5/20 + c**3/6 - 3*c**2 + 33*c. Calculate w(g).
-6
Let g = 0 + -2. Let i(x) = 40*x - 84*x - 2 + 43*x + x**2. Give i(g).
4
Let c(j) = 13*j. Let n(i) = -4*i. Let w(g) = -3*c(g) - 8*n(g). Let o = -57 - -76. Let l(d) = d**3 - 21*d**2 + 38*d + 2. Let s be l(o). Determine w(s).
-14
Let b(z) be the first derivative of z**2/2 - 2*z + 1. Suppose 46*s - 47*s = -5*c + 19, -c + 5*s - 25 = 0. Calculate b(c).
3
Let z(c) = -7 - 6325*c + c**2 - 6328*c + 12658*c. Determine z(-6).
-1
Let o(r) = -7*r. Let d(u) = 2*u**2 + 16*u + 3. Let q(l) = -d(l) - 3*o(l). Determine q(5).
-28
Let a(x) = x**3 - 16 - 4*x**2 + 6*x - 8*x + 23. Calculate a(4).
-1
Suppose 10*k = 13*k - 12. Let q(j) = 10*j - 2 + 4*j - 12*j + k. Determine q(-2).
-2
Let w(v) = -10*v + 4. Let o(k) = -k. Let m(h) = 6*h. Let q(f) = m(f) + 5*o(f). Let n(b) = 22*q(b) + 2*w(b). Determine n(